me factors of u?
2
Let z(d) = d**3 - d**2 - d + 2. Let m be z(0). Let u(j) = -4*j + 2*j + 4*j**m - 2*j**3 + 2 + j - 3*j**2. What are the prime factors of u(-2)?
2, 3
Suppose -2*c = -q + 743, -394 = 2*q + 4*c - 1848. List the prime factors of q.
3, 5, 7
Let j = -33 + 52. Suppose 17*r = 3*l + 21*r - 14, 0 = -4*l + r + 44. Let b = j - l. List the prime factors of b.
3
Let i be 3*(4 + -7 - -4). Suppose -2*g = -3*g - i, v + 4*g - 104 = 0. List the prime factors of v.
2, 29
Let i(q) = -q + 41. Let n be i(-17). Suppose -3*f + 32 = 95. Let d = n + f. List the prime factors of d.
37
Suppose i - 150 = 5*o + 129, -i - o + 261 = 0. Suppose 2*r + 2*d = r + 19, -2*r + 3*d + 3 = 0. What are the prime factors of i/10 + r/15?
3
Suppose -l + 130 = -4*t, t + 5*l = -3*t - 142. Let m = t + 258. List the prime factors of m.
3, 5
Suppose 3*s = -9*v + 11*v - 330, 0 = -5*s - 20. List the prime factors of v.
3, 53
Let f(g) = -463*g - 41. List the prime factors of f(-2).
3, 5, 59
Let y = -79 - -79. What are the prime factors of 12*(1 - (y/(-2))/(-3))?
2, 3
Let p(k) = k + 1. Let a be p(7). Suppose 0*b + 2*n + 15 = -b, 4*n + a = 0. Let t = b - -21. List the prime factors of t.
2, 5
Suppose 2*y - 2985 = 801. Suppose y + 105 = 9*d. List the prime factors of d.
2, 3, 37
Let y be 216/40 + 3/5. Let b be y/9 - (-13)/3. Suppose 0 = -4*s - w - 4*w + 45, -b*w - 75 = -4*s. What are the prime factors of s?
3, 5
Let s(q) = 4*q**2 + 3*q + 1. Let a be s(-3). What are the prime factors of 3/(3/2) + -3 + a?
3
Suppose -5*w - 4*i + 3967 = 0, 4*i = -4*w + i + 3174. What are the prime factors of w?
3, 5, 53
Let b(g) = g + 5. Let k be b(0). Suppose -2*s + k*a = 20, -8 = 5*s + a + 15. List the prime factors of (-3 - s) + 8 + 3.
13
Let t(c) = -2*c**3 - 6*c**2 + 7*c. Let b be t(-5). Let o = 97 - b. List the prime factors of o/12*(-6)/(-4).
2
Let r = 6434 + -2931. What are the prime factors of r?
31, 113
Let i = 270 - -1142. List the prime factors of i.
2, 353
Let k(b) = 2*b. Let i = 0 - -1. Let o be k(i). Suppose -2*a - o*a + 140 = 0. What are the prime factors of a?
5, 7
Let s = 8122 + -4664. What are the prime factors of s?
2, 7, 13, 19
What are the prime factors of ((-1878)/4)/((-534)/2848)?
2, 313
Suppose -n + 2*s + 143 = -95, 2*n - 508 = -4*s. List the prime factors of n.
2, 3, 41
Let m(u) = u**3 + 7*u**2 + 5*u + 2. Let s(x) = x**3 + 7*x**2 + x + 2. Let v be s(-7). List the prime factors of m(v).
3
Let u(v) = -9*v - v**2 + 3 + 1 + 0*v**2. Let i be u(-9). Suppose -4*z + 68 + 4 = i*y, 4*z + 126 = 5*y. What are the prime factors of y?
2, 11
Suppose -13*a + 4648 = 15*a. List the prime factors of a.
2, 83
Let z(h) = -424*h + 16. What are the prime factors of z(-1)?
2, 5, 11
Suppose 0 = n + 4*u - 37, n + 2*u + 7 = 40. Let x(p) = 2*p**2 - p + 2. Let i be x(2). Let h = n - i. List the prime factors of h.
3, 7
What are the prime factors of (-12)/(-16) + 9366/56?
2, 3, 7
Let u(n) = -n**3 - 5*n**2 + 6*n - 1. Let s be u(-6). Let a(q) = 16*q + 1. Let m be a(s). Let p = 2 - m. What are the prime factors of p?
17
Let a = 445 + -128. List the prime factors of 3/18 + (-3)/((-18)/a).
53
Let h(u) = -u**3 - 2*u**2 + 6*u + 9. Let k be h(-3). Suppose -4*m = -k*m - 508. List the prime factors of m.
127
Let x = 74 - 70. Suppose 5*s + r = x*r + 95, -3*s = -r - 61. What are the prime factors of s?
2, 11
Let v be (-72)/(-33) - (-8)/(-44). Suppose q - 41 = -v*y + 33, 5*y - 71 = -q. Suppose 0 = 4*b + 4*j - q, 3*j = -b + j + 18. What are the prime factors of b?
2, 5
Let k = 0 + 0. Suppose 4*a - 22 = -b - k*b, 13 = a + 4*b. What are the prime factors of a?
5
Let h(n) = n**3 + 6*n**2 + 2*n - 7. Let o be h(-5). Suppose -5*s + s = -o, s = -5*l + 122. What are the prime factors of l?
2, 3
Let i(h) = -3*h - 38. Let g be i(-14). Suppose -5*m + 730 = -5*l, 2*m - g*l - 7 = 287. List the prime factors of m.
5, 29
Suppose -7*g - 101 = -8*g. Suppose -5*d - z + g = -0*d, -z - 39 = -2*d. What are the prime factors of d?
2, 5
Let q(b) = -272*b + 1098. What are the prime factors of q(-8)?
2, 1637
Suppose -2*v - 3 = -5. What are the prime factors of (-4 - -2) + v + 12?
11
Suppose 5*z - 8 = z. Suppose 6 = 3*s - 2*c, -s + c - 1 + z = 0. Suppose -s*x = 2 - 102. What are the prime factors of x?
5
Let x(s) = -2*s - 41. Let b(d) = 8*d + 165. Let a(u) = 2*b(u) + 9*x(u). Let m(c) = 4*c + 78. Let f(h) = 11*a(h) + 6*m(h). What are the prime factors of f(0)?
3, 13
Suppose 2*x - 5*o = 17, 3*x + 6*o - 2*o + 32 = 0. Let c(f) = 2*f**2 + f - 9. What are the prime factors of c(x)?
19
Let r be (-26)/(3/27*-3). Let t = r + -72. List the prime factors of t.
2, 3
Let d = 94 + -90. Suppose 3*f = -0*l - 5*l + 369, 0 = l - d*f - 83. What are the prime factors of l?
3, 5
Let t = -136 - -318. List the prime factors of t.
2, 7, 13
Let k = 570 + -198. What are the prime factors of k?
2, 3, 31
Let h = 894 + -593. List the prime factors of h.
7, 43
Let c be ((-6)/25*-5)/(4/10). Suppose 0 = -4*d - 2*m + 726, c*m + 7 = -2. What are the prime factors of d?
3, 61
Suppose -2775 - 42387 = -13*s. List the prime factors of s.
2, 3, 193
Suppose 2*c = -5*n + 49 + 21, c - 5*n - 20 = 0. Let l = -22 + c. List the prime factors of l.
2
Let d = 269 - 224. What are the prime factors of d?
3, 5
Let b(n) be the third derivative of -5/24*n**4 + 1/60*n**5 + 0 + n**2 + 0*n - 5/3*n**3. What are the prime factors of b(9)?
2, 13
Suppose -3*o = -4*l - 3 + 38, 4*o + 10 = -2*l. Let z(i) = i**3 + 4*i**2 - 5*i + 4. What are the prime factors of z(o)?
2
Let d = 281 + -269. Let p(x) = -12*x**2 + 3 - 16 + x**3 + x + x. What are the prime factors of p(d)?
11
Let l(f) = -f**3 + 18*f**2 - 14*f + 34. What are the prime factors of l(10)?
2, 347
Suppose -3*i = -11*i + 32. Suppose 0 = -i*f - 5*p - 1476, 2*p + 369 = -3*f + 2*f. List the prime factors of (8/(-6))/(6/f).
2, 41
Suppose 0 = 3*n - 5*n - 4*s - 14, -3*n - 24 = 3*s. What are the prime factors of (-813)/n - (-1)/(-3)?
2, 3, 5
Suppose 84 = 9*m - 13*m. Let f be m/(-4) - (-13)/(-52). Suppose f*t - 165 = -45. What are the prime factors of t?
2, 3
Suppose 3*f = -3*w, -3*f = -4*w - w - 24. Suppose a = f*a - 110. What are the prime factors of a?
5, 11
Suppose 0 = 177*k - 188*k + 165. Let v(b) = b**2 - 16*b - 14. Let j(i) = i**2 - 17*i - 15. Let s(l) = -4*j(l) + 5*v(l). List the prime factors of s(k).
5, 7
Let p = 3195 - 1876. List the prime factors of p.
1319
Let g(c) = c**2 + 9*c + 22. Let w be g(-5). What are the prime factors of 0*w/(-10) + 248?
2, 31
Let k = 89 + -79. Suppose k = 11*w - 9*w. What are the prime factors of w?
5
Let l(a) = -a**2 + 50*a + 8. List the prime factors of l(39).
19, 23
Let n(h) = 1656*h + 5 + h**2 - 1656*h. List the prime factors of n(7).
2, 3
Let o = -332 + 654. List the prime factors of o.
2, 7, 23
Suppose -96 = 5*i - 401. Suppose -20*g = -16*g + 92. Let t = i + g. List the prime factors of t.
2, 19
Suppose -2*y + 5*l + 6734 = 0, 5*l - 6082 = -5*y + 10718. What are the prime factors of y?
2, 41
Let q(r) = 44*r**2 - 4*r - 11. Let x = -78 + 76. What are the prime factors of q(x)?
173
Let d(l) = -631*l - 387. What are the prime factors of d(-6)?
3, 11, 103
Let b(w) = 234*w - 3. List the prime factors of b(8).
3, 7, 89
Let n = -10 + 17. Suppose 8*i = n*i + 14. What are the prime factors of i?
2, 7
Let g = 99 - 92. Suppose g*d - 5*d = 78. What are the prime factors of d?
3, 13
Let d = 4578 + -960. What are the prime factors of d?
2, 3, 67
Suppose 0*g = -2*g - s - 57, 4*s + 104 = -4*g. Let n = -48 - g. List the prime factors of n/(-1) + 0 + -2.
3, 5
Suppose 0 = 8*g - 11*g + 9. Suppose -2*n + 404 = 4*v + n, g*v - 290 = n. What are the prime factors of v?
2, 7
Let h be (-360)/(-25) + 6/(-15). Suppose -3*a - 4*a + h = 0. List the prime factors of 528/14 + a/7.
2, 19
What are the prime factors of 5485/9 + (-52)/117?
3, 7, 29
Let q(n) = 2*n**2 + n + 42. List the prime factors of q(-10).
2, 29
Let s(z) = 4*z**2 - 7*z - 93. List the prime factors of s(-12).
3, 7
Let z be 14/63 - (1456/(-9) + 0). Suppose p = -c + 33 + 27, -3*p - z = -3*c. What are the prime factors of c?
3, 19
Suppose 71*v - 72*v = -172. What are the prime factors of v?
2, 43
Let t(d) = -d**3 + 10*d**2 + 2*d - 1. Let l(b) = 2*b - 3. Let j(p) = p - 1. Let c(v) = -3*j(v) + l(v). Let s be c(-10). What are the prime factors of t(s)?
19
Let w be 1/2 - 170/(-20). List the